{"id":5132,"date":"2024-08-26T13:38:45","date_gmt":"2024-08-26T13:38:45","guid":{"rendered":"https:\/\/tellmewow.com\/blog\/?page_id=5132"},"modified":"2024-08-26T13:38:52","modified_gmt":"2024-08-26T13:38:52","slug":"empleo-html5-game-developer","status":"publish","type":"page","link":"https:\/\/tellmewow.com\/blog\/empleo-html5-game-developer\/","title":{"rendered":"Empleo: HTML5 Game Developer"},"content":{"rendered":"\n<figure class=\"wp-block-image size-full\"><img loading=\"lazy\" width=\"1024\" height=\"768\" src=\"https:\/\/tellmewow.com\/blog\/wp-content\/uploads\/2024\/08\/20231031_154748-1024x768-1.jpg\" alt=\"\" class=\"wp-image-5137\" srcset=\"https:\/\/tellmewow.com\/blog\/wp-content\/uploads\/2024\/08\/20231031_154748-1024x768-1.jpg 1024w, https:\/\/tellmewow.com\/blog\/wp-content\/uploads\/2024\/08\/20231031_154748-1024x768-1-300x225.jpg 300w, https:\/\/tellmewow.com\/blog\/wp-content\/uploads\/2024\/08\/20231031_154748-1024x768-1-768x576.jpg 768w\" sizes=\"(max-width: 1024px) 100vw, 1024px\" \/><\/figure>\n\n\n\n<p><\/p>\n\n\n\n<p>Buscamos una persona con experiencia de <strong>HTML5 game developer <\/strong>para nuestra oficina en Bilbao. El puesto consiste en desarrollar juegos HTML5 para el portal <a href=\"https:\/\/www.coolmathgames.com\/\" target=\"_blank\" rel=\"noreferrer noopener\">coolmathgames.com<\/a>, que forma parte de nuestro grupo empresarial, <a href=\"https:\/\/www.sbxgroup.com\/\" target=\"_blank\" rel=\"noreferrer noopener\">Sandbox Group<\/a>.<\/p>\n\n\n\n<p>Buscamos una persona que genere c\u00f3digo s\u00f3lido y de alto rendimiento, sea apasionado y act\u00fae como una fuente de conocimiento en lo que respecta al desarrollo de juegos.<\/p>\n\n\n\n<p>Disfrutar\u00e1s de un entorno creativo, desafiante y colaborativo como parte de un equipo peque\u00f1o, experimentado y din\u00e1mico.<\/p>\n\n\n\n<p>Si te apasiona crear experiencias de juego incre\u00edbles y quieres trabajar en proyectos con alto impacto, \u00a1nos encantar\u00eda conocerte!<\/p>\n\n\n\n<p><\/p>\n\n\n\n<p><\/p>\n\n\n\n<p><strong>Responsabilidades<\/strong><\/p>\n\n\n\n<ul><li>Crear juegos HTML5 para el portal coolmathgames.com que ser\u00e1n jugados por millones de personas.<\/li><li>Colaborar con dise\u00f1adores, artistas y otros desarrolladores para crear juegos atractivos y de alta calidad.<\/li><li>Optimizar juegos para diferentes dispositivos y plataformas para asegurar un rendimiento fluido.<\/li><li>Participar en revisiones de c\u00f3digo y asegurarse de que los est\u00e1ndares de calidad se mantengan.<\/li><li>Identificar y solucionar problemas de rendimiento y bugs en los juegos.<\/li><li>Mantenerse actualizado con las \u00faltimas tendencias y tecnolog\u00edas en desarrollo de juegos.<\/li><\/ul>\n\n\n\n<p><\/p>\n\n\n\n<p><strong>Requisitos:<\/strong><\/p>\n\n\n\n<ul><li>\u00a1Gran pasi\u00f3n por los juegos!<\/li><li>Experiencia demostrable en el desarrollo de juegos HTML5.<\/li><li>S\u00f3lidos conocimientos de JavaScript, CSS3 y HTML5.<\/li><li>Experiencia con frameworks y bibliotecas como Phaser, PIXI.js, o similares.<\/li><li>Conocimiento de herramientas de control de versiones como Git.<\/li><li>Experiencia en la optimizaci\u00f3n de juegos para m\u00f3viles y navegadores web.<\/li><li>Capacidad para ponerse al d\u00eda r\u00e1pidamente con nuevas tecnolog\u00edas de desarrollo<\/li><li>Habilidad para trabajar tanto de forma independiente como en equipo.<\/li><li>Fuertes habilidades de resoluci\u00f3n de problemas y atenci\u00f3n al detalle.<\/li><li>Nivel de ingl\u00e9s fluido. El equipo de coolmathgames.com est\u00e1 ubicado en USA y la relaci\u00f3n es en ingl\u00e9s.<\/li><\/ul>\n\n\n\n<p><\/p>\n\n\n\n<p><strong>Se valorar\u00e1:<\/strong><\/p>\n\n\n\n<ul><li>Experiencia previa y un s\u00f3lido portfolio de juegos desarrollados previamente<\/li><li>Experiencia con WebGL y tecnolog\u00edas gr\u00e1ficas avanzadas.<\/li><li>Conocimiento de otras tecnolog\u00edas de desarrollo de juegos, como Unity o Unreal Engine.<\/li><li>Experiencia con el SDK de Facebook Instant Games es una ventaja.<\/li><li>Mente abierta, humilde y siempre con curiosidad por aprender.<\/li><\/ul>\n\n\n\n<p><\/p>\n\n\n\n<p><strong>Qu\u00e9 ofrecemos<\/strong><\/p>\n\n\n\n<ul><li>Flexibilidad horaria. El puesto de trabajo es h\u00edbrido, es necesario la presencia en la oficina de Bilbao 2 d\u00edas a la semana (lunes y martes), el resto es remoto. En verano y Navidades tambi\u00e9n es remoto.<\/li><li>Contrato a jornada completa.<\/li><li>Salario competitivo.<\/li><li>Buen ambiente de trabajo.<\/li><li>Oficina en el centro de Bilbao.<\/li><\/ul>\n","protected":false},"excerpt":{"rendered":"<p>Buscamos una persona con experiencia de HTML5 game developer para nuestra oficina en Bilbao. El puesto consiste en desarrollar juegos HTML5 para el portal coolmathgames.com, que forma parte de nuestro grupo empresarial, Sandbox Group. Buscamos una persona que genere c\u00f3digo s\u00f3lido y de alto rendimiento, sea apasionado y act\u00fae como una fuente de conocimiento en &hellip; <a href=\"https:\/\/tellmewow.com\/blog\/empleo-html5-game-developer\/\" class=\"more-link\">Contin\u00faa leyendo <span class=\"screen-reader-text\">Empleo: HTML5 Game Developer<\/span><\/a><\/p>\n","protected":false},"author":1,"featured_media":0,"parent":0,"menu_order":0,"comment_status":"closed","ping_status":"closed","template":"","meta":[],"yoast_head":"<!-- This site is optimized with the Yoast SEO plugin v17.1 - https:\/\/yoast.com\/wordpress\/plugins\/seo\/ -->\n<title>Empleo: HTML5 Game Developer - Blog de Tellmewow<\/title>\n<meta name=\"robots\" content=\"index, follow, max-snippet:-1, max-image-preview:large, max-video-preview:-1\" \/>\n<link rel=\"canonical\" href=\"https:\/\/tellmewow.com\/blog\/empleo-html5-game-developer\/\" \/>\n<meta property=\"og:locale\" content=\"es_ES\" \/>\n<meta property=\"og:type\" content=\"article\" \/>\n<meta property=\"og:title\" content=\"Empleo: HTML5 Game Developer - Blog de Tellmewow\" \/>\n<meta property=\"og:description\" content=\"Buscamos una persona con experiencia de HTML5 game developer para nuestra oficina en Bilbao. El puesto consiste en desarrollar juegos HTML5 para el portal coolmathgames.com, que forma parte de nuestro grupo empresarial, Sandbox Group. Buscamos una persona que genere c\u00f3digo s\u00f3lido y de alto rendimiento, sea apasionado y act\u00fae como una fuente de conocimiento en &hellip; Contin\u00faa leyendo Empleo: HTML5 Game Developer\" \/>\n<meta property=\"og:url\" content=\"https:\/\/tellmewow.com\/blog\/empleo-html5-game-developer\/\" \/>\n<meta property=\"og:site_name\" content=\"Blog de Tellmewow\" \/>\n<meta property=\"article:modified_time\" content=\"2024-08-26T13:38:52+00:00\" \/>\n<meta property=\"og:image\" content=\"https:\/\/tellmewow.com\/blog\/wp-content\/uploads\/2024\/08\/20231031_154748-1024x768-1.jpg\" \/>\n<meta name=\"twitter:card\" content=\"summary\" \/>\n<meta name=\"twitter:label1\" content=\"Tiempo de lectura\" \/>\n\t<meta name=\"twitter:data1\" content=\"2 minutos\" \/>\n<script type=\"application\/ld+json\" class=\"yoast-schema-graph\">{\"@context\":\"https:\/\/schema.org\",\"@graph\":[{\"@type\":\"WebSite\",\"@id\":\"https:\/\/tellmewow.com\/blog\/#website\",\"url\":\"https:\/\/tellmewow.com\/blog\/\",\"name\":\"Blog de Tellmewow\",\"description\":\"Estudio de videojuegos y apps en Bilbao\",\"potentialAction\":[{\"@type\":\"SearchAction\",\"target\":{\"@type\":\"EntryPoint\",\"urlTemplate\":\"https:\/\/tellmewow.com\/blog\/?s={search_term_string}\"},\"query-input\":\"required name=search_term_string\"}],\"inLanguage\":\"es\"},{\"@type\":\"ImageObject\",\"@id\":\"https:\/\/tellmewow.com\/blog\/empleo-html5-game-developer\/#primaryimage\",\"inLanguage\":\"es\",\"url\":\"https:\/\/tellmewow.com\/blog\/wp-content\/uploads\/2024\/08\/20231031_154748-1024x768-1.jpg\",\"contentUrl\":\"https:\/\/tellmewow.com\/blog\/wp-content\/uploads\/2024\/08\/20231031_154748-1024x768-1.jpg\",\"width\":1024,\"height\":768},{\"@type\":\"WebPage\",\"@id\":\"https:\/\/tellmewow.com\/blog\/empleo-html5-game-developer\/#webpage\",\"url\":\"https:\/\/tellmewow.com\/blog\/empleo-html5-game-developer\/\",\"name\":\"Empleo: HTML5 Game Developer - Blog de Tellmewow\",\"isPartOf\":{\"@id\":\"https:\/\/tellmewow.com\/blog\/#website\"},\"primaryImageOfPage\":{\"@id\":\"https:\/\/tellmewow.com\/blog\/empleo-html5-game-developer\/#primaryimage\"},\"datePublished\":\"2024-08-26T13:38:45+00:00\",\"dateModified\":\"2024-08-26T13:38:52+00:00\",\"breadcrumb\":{\"@id\":\"https:\/\/tellmewow.com\/blog\/empleo-html5-game-developer\/#breadcrumb\"},\"inLanguage\":\"es\",\"potentialAction\":[{\"@type\":\"ReadAction\",\"target\":[\"https:\/\/tellmewow.com\/blog\/empleo-html5-game-developer\/\"]}]},{\"@type\":\"BreadcrumbList\",\"@id\":\"https:\/\/tellmewow.com\/blog\/empleo-html5-game-developer\/#breadcrumb\",\"itemListElement\":[{\"@type\":\"ListItem\",\"position\":1,\"name\":\"Portada\",\"item\":\"https:\/\/tellmewow.com\/blog\/\"},{\"@type\":\"ListItem\",\"position\":2,\"name\":\"Empleo: HTML5 Game Developer\"}]}]}<\/script>\n<!-- \/ Yoast SEO plugin. -->","yoast_head_json":{"title":"Empleo: HTML5 Game Developer - Blog de Tellmewow","robots":{"index":"index","follow":"follow","max-snippet":"max-snippet:-1","max-image-preview":"max-image-preview:large","max-video-preview":"max-video-preview:-1"},"canonical":"https:\/\/tellmewow.com\/blog\/empleo-html5-game-developer\/","og_locale":"es_ES","og_type":"article","og_title":"Empleo: HTML5 Game Developer - Blog de Tellmewow","og_description":"Buscamos una persona con experiencia de HTML5 game developer para nuestra oficina en Bilbao. El puesto consiste en desarrollar juegos HTML5 para el portal coolmathgames.com, que forma parte de nuestro grupo empresarial, Sandbox Group. Buscamos una persona que genere c\u00f3digo s\u00f3lido y de alto rendimiento, sea apasionado y act\u00fae como una fuente de conocimiento en &hellip; Contin\u00faa leyendo Empleo: HTML5 Game Developer","og_url":"https:\/\/tellmewow.com\/blog\/empleo-html5-game-developer\/","og_site_name":"Blog de Tellmewow","article_modified_time":"2024-08-26T13:38:52+00:00","og_image":[{"url":"https:\/\/tellmewow.com\/blog\/wp-content\/uploads\/2024\/08\/20231031_154748-1024x768-1.jpg"}],"twitter_card":"summary","twitter_misc":{"Tiempo de lectura":"2 minutos"},"schema":{"@context":"https:\/\/schema.org","@graph":[{"@type":"WebSite","@id":"https:\/\/tellmewow.com\/blog\/#website","url":"https:\/\/tellmewow.com\/blog\/","name":"Blog de Tellmewow","description":"Estudio de videojuegos y apps en Bilbao","potentialAction":[{"@type":"SearchAction","target":{"@type":"EntryPoint","urlTemplate":"https:\/\/tellmewow.com\/blog\/?s={search_term_string}"},"query-input":"required name=search_term_string"}],"inLanguage":"es"},{"@type":"ImageObject","@id":"https:\/\/tellmewow.com\/blog\/empleo-html5-game-developer\/#primaryimage","inLanguage":"es","url":"https:\/\/tellmewow.com\/blog\/wp-content\/uploads\/2024\/08\/20231031_154748-1024x768-1.jpg","contentUrl":"https:\/\/tellmewow.com\/blog\/wp-content\/uploads\/2024\/08\/20231031_154748-1024x768-1.jpg","width":1024,"height":768},{"@type":"WebPage","@id":"https:\/\/tellmewow.com\/blog\/empleo-html5-game-developer\/#webpage","url":"https:\/\/tellmewow.com\/blog\/empleo-html5-game-developer\/","name":"Empleo: HTML5 Game Developer - Blog de Tellmewow","isPartOf":{"@id":"https:\/\/tellmewow.com\/blog\/#website"},"primaryImageOfPage":{"@id":"https:\/\/tellmewow.com\/blog\/empleo-html5-game-developer\/#primaryimage"},"datePublished":"2024-08-26T13:38:45+00:00","dateModified":"2024-08-26T13:38:52+00:00","breadcrumb":{"@id":"https:\/\/tellmewow.com\/blog\/empleo-html5-game-developer\/#breadcrumb"},"inLanguage":"es","potentialAction":[{"@type":"ReadAction","target":["https:\/\/tellmewow.com\/blog\/empleo-html5-game-developer\/"]}]},{"@type":"BreadcrumbList","@id":"https:\/\/tellmewow.com\/blog\/empleo-html5-game-developer\/#breadcrumb","itemListElement":[{"@type":"ListItem","position":1,"name":"Portada","item":"https:\/\/tellmewow.com\/blog\/"},{"@type":"ListItem","position":2,"name":"Empleo: HTML5 Game Developer"}]}]}},"amp_enabled":true,"_links":{"self":[{"href":"https:\/\/tellmewow.com\/blog\/wp-json\/wp\/v2\/pages\/5132"}],"collection":[{"href":"https:\/\/tellmewow.com\/blog\/wp-json\/wp\/v2\/pages"}],"about":[{"href":"https:\/\/tellmewow.com\/blog\/wp-json\/wp\/v2\/types\/page"}],"author":[{"embeddable":true,"href":"https:\/\/tellmewow.com\/blog\/wp-json\/wp\/v2\/users\/1"}],"replies":[{"embeddable":true,"href":"https:\/\/tellmewow.com\/blog\/wp-json\/wp\/v2\/comments?post=5132"}],"version-history":[{"count":4,"href":"https:\/\/tellmewow.com\/blog\/wp-json\/wp\/v2\/pages\/5132\/revisions"}],"predecessor-version":[{"id":5140,"href":"https:\/\/tellmewow.com\/blog\/wp-json\/wp\/v2\/pages\/5132\/revisions\/5140"}],"wp:attachment":[{"href":"https:\/\/tellmewow.com\/blog\/wp-json\/wp\/v2\/media?parent=5132"}],"curies":[{"name":"wp","href":"https:\/\/api.w.org\/{rel}","templated":true}]}}